{"id":1154,"date":"2018-02-21T14:18:33","date_gmt":"2018-02-21T17:18:33","guid":{"rendered":"https:\/\/mcfurosecortes.com.br\/?page_id=1154"},"modified":"2020-01-20T19:20:43","modified_gmt":"2020-01-20T22:20:43","slug":"nossos-servicos","status":"publish","type":"page","link":"https:\/\/mcfurosecortes.com.br\/?page_id=1154","title":{"rendered":"Nossos Servi\u00e7os"},"content":{"rendered":"<section class=\"l-section wpb_row height_medium color_custom with_img parallax_ver with_overlay\" style=\"background-color: #c9c9c9; color: #ffffff;\"><div class=\"l-section-img\" style=\"background-image: url(https:\/\/mcfurosecortes.com.br\/wp-content\/uploads\/2016\/11\/fundo-cimento01.jpg);background-repeat: no-repeat;\" data-img-width=\"1600\" data-img-height=\"388\"><\/div><div class=\"l-section-overlay\" style=\"background-color: rgba(10,10,10,0.62)\"><\/div><div class=\"l-section-h i-cf\"><div class=\"g-cols offset_small\"><div class=\" full-width\"><div class=\"wpb_text_column \"><div class=\"wpb_wrapper\">\n<h1 style=\"text-align: center;\"><i class=\"fa fa-camera\"><\/i>\u2003Nossos\u00a0Servi\u00e7os<\/h1>\n<\/div> <\/div> <\/div><\/div><\/div><\/section><section class=\"l-section wpb_row height_medium color_custom\" style=\"background-color: #9e9e9e;\"><div class=\"l-section-h i-cf\"><div class=\"g-cols offset_small\"><div class=\" full-width  vc_custom_1518175505771\"><div class=\"w-blog layout_tiles cols_3\"><div class=\"w-blog-list\">\r\n\r\n<div class=\"w-blog-post servicos post-1843 post type-post status-publish format-standard has-post-thumbnail hentry category-servicos\" data-id=\"1843\" data-categories=\"servicos\">\r\n\t<div class=\"w-blog-post-h\">\r\n\t\t<a href=\"https:\/\/mcfurosecortes.com.br\/?p=1843\">\r\n\t\t\t<span class=\"w-blog-post-preview\">\r\n\t\t\t\t<img loading=\"lazy\" decoding=\"async\" width=\"600\" height=\"400\" src=\"https:\/\/mcfurosecortes.com.br\/wp-content\/uploads\/2020\/01\/sl2-600x400.jpg\" class=\"attachment-tnail-3x2 size-tnail-3x2 wp-post-image\" alt=\"\" \/>\t\t\t\t<span class=\"w-blog-post-preview-icon\"><\/span>\r\n\t\t\t<\/span>\r\n\t\t<\/a>\r\n\t\t<div class=\"w-blog-post-body\">\r\n\t\t\t<h2 class=\"w-blog-post-title\">\r\n\t\t\t\t<a class=\"entry-title\" rel=\"bookmark\" href=\"https:\/\/mcfurosecortes.com.br\/?p=1843\">Cortes em Concreto<\/a>\r\n\t\t\t<\/h2>\r\n\t\t\t<div class=\"w-blog-post-meta hidden\">\r\n\t\t\t\t<time class=\"w-blog-post-meta-date date updated hidden\">18 de janeiro de 2020<\/time><span class=\"w-blog-post-meta-author vcard author hidden\"><span class=\"fn\">personalcomp<\/span><\/span>\t\t\t<\/div>\r\n\t\t<\/div>\r\n\t<\/div>\r\n<\/div>\r\n\r\n\r\n\r\n<div class=\"w-blog-post servicos post-1845 post type-post status-publish format-standard has-post-thumbnail hentry category-servicos\" data-id=\"1845\" data-categories=\"servicos\">\r\n\t<div class=\"w-blog-post-h\">\r\n\t\t<a href=\"https:\/\/mcfurosecortes.com.br\/?p=1845\">\r\n\t\t\t<span class=\"w-blog-post-preview\">\r\n\t\t\t\t<img loading=\"lazy\" decoding=\"async\" width=\"600\" height=\"400\" src=\"https:\/\/mcfurosecortes.com.br\/wp-content\/uploads\/2020\/01\/sl1-600x400.jpg\" class=\"attachment-tnail-3x2 size-tnail-3x2 wp-post-image\" alt=\"\" \/>\t\t\t\t<span class=\"w-blog-post-preview-icon\"><\/span>\r\n\t\t\t<\/span>\r\n\t\t<\/a>\r\n\t\t<div class=\"w-blog-post-body\">\r\n\t\t\t<h2 class=\"w-blog-post-title\">\r\n\t\t\t\t<a class=\"entry-title\" rel=\"bookmark\" href=\"https:\/\/mcfurosecortes.com.br\/?p=1845\">Furos em Concreto<\/a>\r\n\t\t\t<\/h2>\r\n\t\t\t<div class=\"w-blog-post-meta hidden\">\r\n\t\t\t\t<time class=\"w-blog-post-meta-date date updated hidden\">19 de janeiro de 2020<\/time><span class=\"w-blog-post-meta-author vcard author hidden\"><span class=\"fn\">personalcomp<\/span><\/span>\t\t\t<\/div>\r\n\t\t<\/div>\r\n\t<\/div>\r\n<\/div>\r\n\r\n\r\n\r\n<div class=\"w-blog-post servicos post-1847 post type-post status-publish format-standard has-post-thumbnail hentry category-servicos\" data-id=\"1847\" data-categories=\"servicos\">\r\n\t<div class=\"w-blog-post-h\">\r\n\t\t<a href=\"https:\/\/mcfurosecortes.com.br\/?p=1847\">\r\n\t\t\t<span class=\"w-blog-post-preview\">\r\n\t\t\t\t<img loading=\"lazy\" decoding=\"async\" width=\"600\" height=\"400\" src=\"https:\/\/mcfurosecortes.com.br\/wp-content\/uploads\/2020\/01\/sl3-600x400.jpg\" class=\"attachment-tnail-3x2 size-tnail-3x2 wp-post-image\" alt=\"\" \/>\t\t\t\t<span class=\"w-blog-post-preview-icon\"><\/span>\r\n\t\t\t<\/span>\r\n\t\t<\/a>\r\n\t\t<div class=\"w-blog-post-body\">\r\n\t\t\t<h2 class=\"w-blog-post-title\">\r\n\t\t\t\t<a class=\"entry-title\" rel=\"bookmark\" href=\"https:\/\/mcfurosecortes.com.br\/?p=1847\">Loca\u00e7\u00e3o de M\u00e1quinas<\/a>\r\n\t\t\t<\/h2>\r\n\t\t\t<div class=\"w-blog-post-meta hidden\">\r\n\t\t\t\t<time class=\"w-blog-post-meta-date date updated hidden\">20 de janeiro de 2020<\/time><span class=\"w-blog-post-meta-author vcard author hidden\"><span class=\"fn\">personalcomp<\/span><\/span>\t\t\t<\/div>\r\n\t\t<\/div>\r\n\t<\/div>\r\n<\/div>\r\n\r\n<\/div><\/div><\/div><\/div><\/div><\/section><section class=\"l-section wpb_row height_small color_custom\" style=\"background-color: #e30000; color: #ffffff;\"><div class=\"l-section-h i-cf\"><div class=\"g-cols offset_small\"><div class=\" full-width\"><div class=\"w-actionbox color_custom controls_right\"><div class=\"w-actionbox-text\"><h2>Fale Conosco!<\/h2><p>A <strong>MC Furos<\/strong> tem prazer em atend\u00ea-lo e valoriza sua opini\u00e3o. Entre em contato conosco enviando suas d\u00favidas, cr\u00edticas, experi\u00eancias e sugest\u00f5es para que possamos cada vez mais melhorar nossos produtos e servi\u00e7os. Estamos a disposi\u00e7\u00e3o!<\/p><\/div><div class=\"w-actionbox-controls\"><a class=\"w-btn color_black style_solid size_medium icon_atleft\" href=\"https:\/\/mcfurosecortes.com.br\/contato\/\"><i class=\"fa fa-phone\"><\/i><span class=\"w-btn-label\">Atendimento<\/span><\/a><\/div><\/div><\/div><\/div><\/div><\/section>\n","protected":false},"excerpt":{"rendered":"LOCA\u00c7\u00d5ES DE M\u00c1QUINAS: Escavadeira Hidr\u00e1ulica, Escavadeira hidr\u00e1ulica com concha e rompedor, Retroescavadeira com concha e rompedor, Mini escavadeira com concha e rompedor, Mini carregadeira, P\u00e1...","protected":false},"author":1,"featured_media":0,"parent":0,"menu_order":0,"comment_status":"closed","ping_status":"closed","template":"","meta":{"footnotes":""},"class_list":["post-1154","page","type-page","status-publish","hentry"],"_links":{"self":[{"href":"https:\/\/mcfurosecortes.com.br\/index.php?rest_route=\/wp\/v2\/pages\/1154","targetHints":{"allow":["GET"]}}],"collection":[{"href":"https:\/\/mcfurosecortes.com.br\/index.php?rest_route=\/wp\/v2\/pages"}],"about":[{"href":"https:\/\/mcfurosecortes.com.br\/index.php?rest_route=\/wp\/v2\/types\/page"}],"author":[{"embeddable":true,"href":"https:\/\/mcfurosecortes.com.br\/index.php?rest_route=\/wp\/v2\/users\/1"}],"replies":[{"embeddable":true,"href":"https:\/\/mcfurosecortes.com.br\/index.php?rest_route=%2Fwp%2Fv2%2Fcomments&post=1154"}],"version-history":[{"count":18,"href":"https:\/\/mcfurosecortes.com.br\/index.php?rest_route=\/wp\/v2\/pages\/1154\/revisions"}],"predecessor-version":[{"id":1985,"href":"https:\/\/mcfurosecortes.com.br\/index.php?rest_route=\/wp\/v2\/pages\/1154\/revisions\/1985"}],"wp:attachment":[{"href":"https:\/\/mcfurosecortes.com.br\/index.php?rest_route=%2Fwp%2Fv2%2Fmedia&parent=1154"}],"curies":[{"name":"wp","href":"https:\/\/api.w.org\/{rel}","templated":true}]}}