{"id":709,"date":"2016-11-22T17:20:48","date_gmt":"2016-11-22T19:20:48","guid":{"rendered":"https:\/\/mcfurosecortes.com.br\/?page_id=709"},"modified":"2020-01-20T17:57:28","modified_gmt":"2020-01-20T20:57:28","slug":"contato","status":"publish","type":"page","link":"https:\/\/mcfurosecortes.com.br\/?page_id=709","title":{"rendered":"Contato"},"content":{"rendered":"<section class=\"l-section wpb_row height_medium color_custom with_img parallax_ver with_overlay\" style=\"background-color: #c9c9c9; color: #ffffff;\"><div class=\"l-section-img\" style=\"background-image: url(https:\/\/mcfurosecortes.com.br\/wp-content\/uploads\/2016\/11\/fundo-cimento01.jpg);background-repeat: no-repeat;\" data-img-width=\"1600\" data-img-height=\"388\"><\/div><div class=\"l-section-overlay\" style=\"background-color: rgba(10,10,10,0.62)\"><\/div><div class=\"l-section-h i-cf\"><div class=\"g-cols offset_small\"><div class=\" full-width\"><div class=\"wpb_text_column \"><div class=\"wpb_wrapper\">\n<h1 style=\"text-align: center;\"><i class=\"fa fa-envelope\"><\/i>\u2003Entre em contato conosco!<\/h1>\n<\/div> <\/div> <\/div><\/div><\/div><\/section><section class=\"l-section wpb_row height_medium\"><div class=\"l-section-h i-cf\"><div class=\"g-cols offset_small\"><div class=\" one-half\"><div class=\"wpb_text_column \"><div class=\"wpb_wrapper\">\n<h4>Contato<\/h4>\n<\/div> <\/div> <div class=\"w-iconbox iconpos_left size_tiny style_default color_custom\"><div class=\"w-iconbox-icon\" style=\"background-color: #e30000;box-shadow: 0 0 0 2px #e30000 inset;color: #e30000;\"><i class=\"fa fa-phone\"><\/i><\/div><h4 class=\"w-iconbox-title\">(17) 3224-4991 | 3012-3762 | 3021-8260<\/h4><\/div><div class=\"w-separator type_default size_small thick_1 style_solid color_border cont_none\"><span class=\"w-separator-h\"><\/span><\/div><div class=\"w-iconbox iconpos_left size_tiny style_default color_custom\"><div class=\"w-iconbox-icon\" style=\"background-color: #e30000;box-shadow: 0 0 0 2px #e30000 inset;color: #e30000;\"><i class=\"fa fa-whatsapp\"><\/i><\/div><h4 class=\"w-iconbox-title\">(17) 97400-1323<\/h4><\/div><div class=\"w-separator type_default size_small thick_1 style_solid color_border cont_none\"><span class=\"w-separator-h\"><\/span><\/div><div class=\"w-iconbox iconpos_left size_tiny style_default color_custom\"><div class=\"w-iconbox-icon\" style=\"background-color: #e30000;box-shadow: 0 0 0 2px #e30000 inset;color: #e30000;\"><i class=\"fa fa-envelope\"><\/i><\/div><h4 class=\"w-iconbox-title\">mcfuros@mcfurosecortes.com.br<\/h4><\/div><div class=\"w-separator type_default size_small thick_1 style_solid color_border cont_none\"><span class=\"w-separator-h\"><\/span><\/div><div class=\"w-iconbox iconpos_left size_tiny style_default color_custom\"><div class=\"w-iconbox-icon\" style=\"background-color: #e30000;box-shadow: 0 0 0 2px #e30000 inset;color: #e30000;\"><i class=\"fa fa-map-marker\"><\/i><\/div><h4 class=\"w-iconbox-title\">Localiza\u00e7\u00e3o<\/h4><div class=\"w-iconbox-text\">Avenida Luiz da Cruz Martins, 431 \u2013 Jd. S\u00e3o PauloCep: 15061-413 | S\u00e3o Jos\u00e9 do Rio Preto-SP<\/div><\/div><\/div><div class=\" one-half\"><div class=\"wpb_text_column \"><div class=\"wpb_wrapper\">\n<h4>Envie-nos sua mensagem<\/h4>\n<p>A <strong>MC Furos e Cortes<\/strong>\u00a0tem prazer em atend\u00ea-lo e valoriza sua opini\u00e3o. Envie atrav\u00e9s do formul\u00e1rio abaixo suas d\u00favidas, cr\u00edticas, experi\u00eancias e sugest\u00f5es para que possamos cada vez mais melhorar nossos servi\u00e7os.<\/div> <\/div> <div class=\"w-separator type_default size_small thick_1 style_solid color_border cont_none\"><span class=\"w-separator-h\"><\/span><\/div><div class=\"w-form for_cform align_left\" id=\"us_form_1\">\r\n\t<form class=\"w-form-h\" autocomplete=\"off\" action=\"https:\/\/mcfurosecortes.com.br\/index.php?rest_route=%2Fwp%2Fv2%2Fpages%2F709\" method=\"post\">\r\n\t\t\t\t\t\t\t<div class=\"w-form-row for_name required\">\r\n\t<div class=\"w-form-row-label\">\r\n\t\t<label for=\"us_form_1_name\"><\/label>\r\n\t<\/div>\r\n\t<div class=\"w-form-row-field\">\r\n\t\t\t\t<input type=\"text\" name=\"name\" id=\"us_form_1_name\" value=\"\"\r\n\t\t       placeholder=\"Nome *\" data-required=\"true\" aria-required=\"true\"\/>\r\n\t\t<span class=\"w-form-row-field-bar\"><\/span>\r\n\t\t\t<\/div>\r\n\t<div class=\"w-form-row-state\"><\/div>\r\n\t<\/div>\r\n\t\t\t\t\t<div class=\"w-form-row for_email required\">\r\n\t<div class=\"w-form-row-label\">\r\n\t\t<label for=\"us_form_1_email\"><\/label>\r\n\t<\/div>\r\n\t<div class=\"w-form-row-field\">\r\n\t\t\t\t<input type=\"email\" name=\"email\" id=\"us_form_1_email\" value=\"\"\r\n\t\t       placeholder=\"E-mail *\" data-required=\"true\" aria-required=\"true\"\/>\r\n\t\t<span class=\"w-form-row-field-bar\"><\/span>\r\n\t\t\t<\/div>\r\n\t<div class=\"w-form-row-state\"><\/div>\r\n\t<\/div>\r\n\t\t\t\t\t<div class=\"w-form-row for_phone required\">\r\n\t<div class=\"w-form-row-label\">\r\n\t\t<label for=\"us_form_1_phone\"><\/label>\r\n\t<\/div>\r\n\t<div class=\"w-form-row-field\">\r\n\t\t\t\t<input type=\"text\" name=\"phone\" id=\"us_form_1_phone\" value=\"\"\r\n\t\t       placeholder=\"Telefone *\" data-required=\"true\" aria-required=\"true\"\/>\r\n\t\t<span class=\"w-form-row-field-bar\"><\/span>\r\n\t\t\t<\/div>\r\n\t<div class=\"w-form-row-state\"><\/div>\r\n\t<\/div>\r\n\t\t\t\t\t<div class=\"w-form-row for_message required\">\r\n\t<div class=\"w-form-row-label\">\r\n\t\t<label for=\"us_form_1_message\"><\/label>\r\n\t<\/div>\r\n\t<div class=\"w-form-row-field\">\r\n\t\t\t\t<textarea name=\"message\" id=\"us_form_1_message\" cols=\"30\" rows=\"10\" placeholder=\"Mensagem *\"\r\n\t\t\t data-required=\"true\" aria-required=\"true\"><\/textarea>\r\n\t\t<span class=\"w-form-row-field-bar\"><\/span>\r\n\t\t\t<\/div>\r\n\t<div class=\"w-form-row-state\"><\/div>\r\n\t<\/div>\r\n\t\t\t\t\t<input type=\"hidden\" name=\"action\" value=\"us_ajax_cform\"\/>\r\n\t\t\t\t\t<input type=\"hidden\" name=\"post_id\" value=\"709\"\/>\r\n\t\t\t\t\t<input type=\"hidden\" name=\"form_index\" value=\"1\"\/>\r\n\t\t\t\t\t<div class=\"w-form-row for_submit\">\r\n\t<div class=\"w-form-row-field\">\r\n\t\t<button class=\"w-btn size_medium color_primary style_solid\" type=\"submit\"><span class=\"g-preloader type_1\"><\/span><span class=\"w-btn-label\">Enviar mensagem<\/span><\/button>\r\n\t<\/div>\r\n<\/div>\r\n\t\t\t\t<div class=\"w-form-message\"><\/div>\r\n\t\t\t<\/form>\r\n\t\t\t<div class=\"w-form-json hidden\" onclick='return {\"ajaxurl\":\"https:\\\/\\\/mcfurosecortes.com.br\\\/wp-admin\\\/admin-ajax.php\",\"success\":\"Obrigado! Sua mensagem foi enviada.\",\"errors\":{\"name\":\"Por favor informe seu nome\",\"email\":\"Por favor informe seu email\",\"phone\":\"Por favor informe seu telefone\",\"message\":\"Digite sua mensagem\"}}'><\/div>\r\n\t<\/div>\r\n<\/div><\/div><\/div><\/section><section class=\"l-section wpb_row height_auto width_full\" style=\"margin-top: 0px !important;margin-right: 0px !important;margin-bottom: 0px !important;margin-left: 0px !important;border-top-width: 0px !important;border-right-width: 0px !important;border-bottom-width: 0px !important;border-left-width: 0px !important;padding-top: 0px !important;padding-right: 0px !important;padding-bottom: 0px !important;padding-left: 0px !important;\"><div class=\"l-section-h i-cf\"><div class=\"g-cols offset_none\"><div class=\" full-width  vc_custom_1579545913416\"><div class=\"wpb_text_column  vc_custom_1579545936533\"><div class=\"wpb_wrapper\"><iframe loading=\"lazy\" style=\"border: 0;\" src=\"https:\/\/www.google.com\/maps\/embed?pb=!1m18!1m12!1m3!1d3729.8108440590627!2d-49.35799688492794!3d-20.7989390712869!2m3!1f0!2f0!3f0!3m2!1i1024!2i768!4f13.1!3m3!1m2!1s0x94bc52b08ff6826f%3A0xf80de01fd2638dcf!2sAv.%20Luiz%20da%20Cruz%20Martins%2C%20431%20-%20Jardim%20Sao%20Paulo%2C%20S%C3%A3o%20Jos%C3%A9%20do%20Rio%20Preto%20-%20SP%2C%2015061-413!5e0!3m2!1spt-BR!2sbr!4v1579541982271!5m2!1spt-BR!2sbr\" width=\"100%\" height=\"500\" frameborder=\"0\" allowfullscreen=\"allowfullscreen\"><\/iframe><\/div> <\/div> <\/div><\/div><\/div><\/section>\n","protected":false},"excerpt":{"rendered":"\u2003Entre em contato conosco! Contato (17) 3224-4991 | 3012-3762 | 3021-8260(17) 97400-1323mcfuros@mcfurosecortes.com.brLocaliza\u00e7\u00e3oAvenida Luiz da Cruz Martins, 431 \u2013 Jd. S\u00e3o PauloCep: 15061-413 | S\u00e3o Jos\u00e9...","protected":false},"author":1,"featured_media":1291,"parent":0,"menu_order":0,"comment_status":"closed","ping_status":"closed","template":"","meta":{"footnotes":""},"class_list":["post-709","page","type-page","status-publish","has-post-thumbnail","hentry"],"_links":{"self":[{"href":"https:\/\/mcfurosecortes.com.br\/index.php?rest_route=\/wp\/v2\/pages\/709","targetHints":{"allow":["GET"]}}],"collection":[{"href":"https:\/\/mcfurosecortes.com.br\/index.php?rest_route=\/wp\/v2\/pages"}],"about":[{"href":"https:\/\/mcfurosecortes.com.br\/index.php?rest_route=\/wp\/v2\/types\/page"}],"author":[{"embeddable":true,"href":"https:\/\/mcfurosecortes.com.br\/index.php?rest_route=\/wp\/v2\/users\/1"}],"replies":[{"embeddable":true,"href":"https:\/\/mcfurosecortes.com.br\/index.php?rest_route=%2Fwp%2Fv2%2Fcomments&post=709"}],"version-history":[{"count":34,"href":"https:\/\/mcfurosecortes.com.br\/index.php?rest_route=\/wp\/v2\/pages\/709\/revisions"}],"predecessor-version":[{"id":1912,"href":"https:\/\/mcfurosecortes.com.br\/index.php?rest_route=\/wp\/v2\/pages\/709\/revisions\/1912"}],"wp:featuredmedia":[{"embeddable":true,"href":"https:\/\/mcfurosecortes.com.br\/index.php?rest_route=\/wp\/v2\/media\/1291"}],"wp:attachment":[{"href":"https:\/\/mcfurosecortes.com.br\/index.php?rest_route=%2Fwp%2Fv2%2Fmedia&parent=709"}],"curies":[{"name":"wp","href":"https:\/\/api.w.org\/{rel}","templated":true}]}}